{"id":2878,"date":"2021-02-17T09:44:01","date_gmt":"2021-02-17T08:44:01","guid":{"rendered":"https:\/\/www.aspierina.it\/?page_id=2878"},"modified":"2021-02-17T10:49:23","modified_gmt":"2021-02-17T09:49:23","slug":"cose-la-gilda-aspie","status":"publish","type":"page","link":"https:\/\/www.aspierina.it\/en\/cose-la-gilda-aspie\/","title":{"rendered":"What is gilda aspie?"},"content":{"rendered":"<p>The idea of founding the first Gilda Aspie was born during the Covid time, where all was stopped and it didn't let us to resume our activities, including \"Apprenticeship\". With Professor Marin\u00f2, who is our coordinator of our course, we created some alternative activities which consisted of ONE apprenticeship at school <br> - ISTORETO: which was to listen to some interviews about the war time and transcribe them;<br>- Rearrange and capitulate into a database all the dates of books in ENGIM;  <br>- Rearrange the storage room, mainly screws, bullons, etc.;<br>- Graphic design which was to repaint our classroom and attribute it a name.<br>Dopo varie riunioni,il gruppo <a rel=\"noreferrer noopener\" href=\"https:\/\/www.aspierina.it\/en\/chi-siamo\/\" target=\"_blank\">Grafica<\/a> ha presentato al resto della classe una serie di ipotesi \/progetti che avevano pensato riguardanti il colore da usare per dipingere e vari nomi con dei loro significati.<br>Dopodich\u00e9 abbiamo votato per alzata di mano e, escludendo quelli meno\u00a0 gettonati, alla fine sono rimasti \u201cConfraternita\u201d e \u201cGilda\u201d per quanto riguarda il nome, invece per il colore si \u00e8 scelto il blu inizialmente. Poi alla fine dopo varie consultazioni con la classe si \u00e8 scelto un azzurro, non troppo scuro e nemmeno troppo chiaro, che desse anche vivacit\u00e0 e lucentezza alla classe.<\/p>\n\n\n\n<p><\/p>\n\n\n\n<p>Abbiamo cercato delle informazioni aggiuntive sul cosa fossero (Confraternita = societ\u00e0 di\u00a0 religiosi o religiose;Gilda = associazione a carattere religioso). Consultandoci tra di noi e cercando di valutare quale proposta tra le due fosse pi\u00f9 pertinente; si \u00e8 optato di scegliere per la \u201cGilda\u201d e non per la \u201cConfraternita\u201d.<\/p>\n\n\n\n<p>Successivamente avendo scelto il nome si \u00e8 pensato insieme al nostro\u00a0 grafico manuale, Valerio, di abbinare dei disegni inerenti alla Gilda e che rappresentassero attraverso dei quadri noi della classe \u00a0 \u00a0 \u00a0 \u00a0 \u00a0<\/p>\n\n\n\n<p>Per entrare a fare parte della Gilda Aspie \u00e8 importante:<br>\u2022 far parte del gruppo prelavorativo artigianelli (Autismo di livello 1 o Sindrome di Asperger)<br>\u2022 avere un et\u00e0 compresa tra i 20 ed i 36 e di ambosesso<br>\u2022 avere spirito di collaborazione e mettersi in gioco<br>\u2022 impegnarsi ad essere socievole<br>\u2022 porsi con educazione e gentilezza con compagni e professori<br>\u2022 aiutare gli altri in caso di difficolt\u00e0 e migliorando lo spirito di solidariet\u00e0<br>\u2022 anche se lavorare in gruppo \u00e8 difficile non perdere l\u2019opportunit\u00e0 di provarci<br>\u2022 provare ad avere sempre una buona dose di umorismo<br>\u2022 sentirsi liberi di esprimersi e confrontarsi<br>\u2022 avere cura dello spazio che usiamo e di tutto quello che ci circonda<\/p>\n\n\n\n<p>&nbsp; &nbsp; &nbsp; &nbsp; &nbsp; &nbsp; &nbsp; &nbsp; &nbsp; &nbsp; &nbsp; &nbsp; &nbsp; &nbsp; &nbsp; &nbsp; &nbsp; &nbsp; &nbsp; &nbsp; &nbsp; &nbsp; &nbsp; &nbsp; &nbsp; &nbsp; &nbsp; <\/p>\n\n\n\n<blockquote class=\"wp-block-quote\"><p>Gilda Definizione: Sostantivo femminile<br>Nome delle antiche associazioni di mutua assistenza, a carattere<br>religioso e quindi mercantile e artigiano. Caratteristiche dell\u2019epoca<br>medievale, nell\u2019Europa settentrionale, con funzioni economiche<br>analoghe a quelle delle corporazioni medievali.<\/p><\/blockquote>\n\n\n\n<p>per pi\u00f9 informazioni sulla definizione di gilda,<a href=\"https:\/\/www.google.com\/search?channel=fs&amp;client=ubuntu&amp;q=gilda+definizione\" target=\"_blank\" rel=\"noreferrer noopener\"> cerca su google<\/a><\/p>\n\n\n\n<p><\/p>","protected":false},"excerpt":{"rendered":"<p>L\u2019idea di fondare la prima Gilda Aspie \u00e8 nata durante il periodo Covid, dove era tutto bloccato e non ci<\/p>","protected":false},"author":19,"featured_media":0,"parent":0,"menu_order":0,"comment_status":"closed","ping_status":"closed","template":"","meta":[],"_links":{"self":[{"href":"https:\/\/www.aspierina.it\/en\/wp-json\/wp\/v2\/pages\/2878"}],"collection":[{"href":"https:\/\/www.aspierina.it\/en\/wp-json\/wp\/v2\/pages"}],"about":[{"href":"https:\/\/www.aspierina.it\/en\/wp-json\/wp\/v2\/types\/page"}],"author":[{"embeddable":true,"href":"https:\/\/www.aspierina.it\/en\/wp-json\/wp\/v2\/users\/19"}],"replies":[{"embeddable":true,"href":"https:\/\/www.aspierina.it\/en\/wp-json\/wp\/v2\/comments?post=2878"}],"version-history":[{"count":28,"href":"https:\/\/www.aspierina.it\/en\/wp-json\/wp\/v2\/pages\/2878\/revisions"}],"predecessor-version":[{"id":2975,"href":"https:\/\/www.aspierina.it\/en\/wp-json\/wp\/v2\/pages\/2878\/revisions\/2975"}],"wp:attachment":[{"href":"https:\/\/www.aspierina.it\/en\/wp-json\/wp\/v2\/media?parent=2878"}],"curies":[{"name":"wp","href":"https:\/\/api.w.org\/{rel}","templated":true}]}}

<p>The idea of founding the first Gilda Aspie was born during the Covid time, where all was stopped and it didn't let us to resume our activities, including "Apprenticeship". With Professor Marinò, who is our coordinator of our course, we created some alternative activities which consisted of ONE apprenticeship at school <br> - ISTORETO: which was to listen to some interviews about the war time and transcribe them;<br>- Rearrange and capitulate into a database all the dates of books in ENGIM;  <br>- Rearrange the storage room, mainly screws, bullons, etc.;<br>- Graphic design which was to repaint our classroom and attribute it a name.<br>Dopo varie riunioni,il gruppo <a rel="noreferrer noopener" href="https://www.aspierina.it/en/chi-siamo/" target="_blank">Grafica</a> ha presentato al resto della classe una serie di ipotesi /progetti che avevano pensato riguardanti il colore da usare per dipingere e vari nomi con dei loro significati.<br>Dopodiché abbiamo votato per alzata di mano e, escludendo quelli meno  gettonati, alla fine sono rimasti “Confraternita” e “Gilda” per quanto riguarda il nome, invece per il colore si è scelto il blu inizialmente. Poi alla fine dopo varie consultazioni con la classe si è scelto un azzurro, non troppo scuro e nemmeno troppo chiaro, che desse anche vivacità e lucentezza alla classe.</p>



<p></p>



<p>Abbiamo cercato delle informazioni aggiuntive sul cosa fossero (Confraternita = società di  religiosi o religiose;Gilda = associazione a carattere religioso). Consultandoci tra di noi e cercando di valutare quale proposta tra le due fosse più pertinente; si è optato di scegliere per la “Gilda” e non per la “Confraternita”.</p>



<p>Successivamente avendo scelto il nome si è pensato insieme al nostro  grafico manuale, Valerio, di abbinare dei disegni inerenti alla Gilda e che rappresentassero attraverso dei quadri noi della classe          </p>



<p>Per entrare a fare parte della Gilda Aspie è importante:<br>• far parte del gruppo prelavorativo artigianelli (Autismo di livello 1 o Sindrome di Asperger)<br>• avere un età compresa tra i 20 ed i 36 e di ambosesso<br>• avere spirito di collaborazione e mettersi in gioco<br>• impegnarsi ad essere socievole<br>• porsi con educazione e gentilezza con compagni e professori<br>• aiutare gli altri in caso di difficoltà e migliorando lo spirito di solidarietà<br>• anche se lavorare in gruppo è difficile non perdere l’opportunità di provarci<br>• provare ad avere sempre una buona dose di umorismo<br>• sentirsi liberi di esprimersi e confrontarsi<br>• avere cura dello spazio che usiamo e di tutto quello che ci circonda</p>



<p>&nbsp; &nbsp; &nbsp; &nbsp; &nbsp; &nbsp; &nbsp; &nbsp; &nbsp; &nbsp; &nbsp; &nbsp; &nbsp; &nbsp; &nbsp; &nbsp; &nbsp; &nbsp; &nbsp; &nbsp; &nbsp; &nbsp; &nbsp; &nbsp; &nbsp; &nbsp; &nbsp; </p>



<blockquote class="wp-block-quote"><p>Gilda Definizione: Sostantivo femminile<br>Nome delle antiche associazioni di mutua assistenza, a carattere<br>religioso e quindi mercantile e artigiano. Caratteristiche dell’epoca<br>medievale, nell’Europa settentrionale, con funzioni economiche<br>analoghe a quelle delle corporazioni medievali.</p></blockquote>



<p>per più informazioni sulla definizione di gilda,<a href="https://www.google.com/search?channel=fs&amp;client=ubuntu&amp;q=gilda+definizione" target="_blank" rel="noreferrer noopener"> cerca su google</a></p>



<p></p>

<p>L’idea di fondare la prima Gilda Aspie è nata durante il periodo Covid, dove era tutto bloccato e non ci</p>
